he prime factors of ((-4296)/10)/(285/(-1900)).
2, 179
Let l = -144 + 147. Suppose -498 = -5*h - n, -l*h - n = -5*n - 308. List the prime factors of h.
2, 5
Suppose 3*w = -2*d + 16, -3*d + 2 = -5*w + 16. What are the prime factors of (25/w)/(13/1924)?
5, 37
Let n(p) = -p**3 + 29*p**2 - 26*p + 83. Suppose d + t - 25 = 0, -5*t = -18*d + 13*d + 135. List the prime factors of n(d).
5, 7, 41
Suppose 0 = -2*w - 4*z + 49132 + 71252, -7*w = 3*z - 421344. What are the prime factors of w?
2, 3, 11, 19
Suppose 2*u + 2 = 4, -s - 4*u + 466 = 0. Let w = -217 + s. List the prime factors of w.
5, 7
Let s(r) = r**3 - 2*r**2 + r + 2. Let v be s(2). Suppose 5*c + w = -v*w, -3*c = 4*w. Suppose 26*d - 21*d - 330 = c. List the prime factors of d.
2, 3, 11
Suppose -284130 = 17303*v - 17318*v. List the prime factors of v.
2, 3, 7, 11, 41
Suppose -7*o + 384 + 32 = -312. What are the prime factors of o?
2, 13
Let s(u) = 3442*u + 2812. What are the prime factors of s(9)?
2, 5, 31, 109
Let j = -2588 - -3962. What are the prime factors of j?
2, 3, 229
Let t be (59 - 57)/(-3 - -1*1). Let l be -8 - 5 - -2 - (t + 0). Let g(a) = a**2 - 7*a - 44. What are the prime factors of g(l)?
2, 3, 7
Let y be (-5)/2*114/95. Suppose 40 = 3*l - 32. What are the prime factors of ((-212)/y)/(8/l)?
2, 53
Let h = -77 + 83. Suppose 3*r - h = -2*x, 9*r - 4*r = 2*x - 6. Suppose 3*q + 7*j - 248 = 3*j, r = 4*j - 20. What are the prime factors of q?
2, 19
Let s = -8103 - -11578. Suppose 4*a + 211 = s. What are the prime factors of a?
2, 3, 17
Suppose 2*c = 5*z - 728, -17 = -3*z + 5*c + 435. Suppose 0 = 4*j + 2*s + 81 - 399, 2*j - 4*s - z = 0. What are the prime factors of j?
2, 3, 13
Let a(z) = 4*z**2 + 14*z - 34. Let k(h) = h**2 - 10*h + 7. Let s be k(7). List the prime factors of a(s).
2, 277
Suppose -3*v + 5*p + 80 = 0, 3*v - 4*p + 10 = 86. Let t be (-188)/(-1) - (-80)/v. Let j = t - 114. What are the prime factors of j?
2, 3, 13
Suppose -6*i = 4*i - 50. Suppose w = -4*u + 134, i*u + 416 = 3*w + 3*u. Suppose -c - 322 = -5*k, 2*k - 2*c - w = 3*c. What are the prime factors of k?
2
Let f(w) = 1118*w**3 - 10*w**2 - 39*w - 24. List the prime factors of f(4).
2, 19, 937
Let p(b) = -4*b**3 + 4*b - 1. Let h be p(7). List the prime factors of (-6)/15*((h - 4) + -1).
2, 3, 5
Suppose 65*h - 11*h - 136818 = -3924. What are the prime factors of h?
23, 107
Let n(u) = -2*u**2 - 16*u - 5. Let w be n(-7). Suppose -5*y - l = -2470, -w*l - 1482 = -3*y - 11*l. What are the prime factors of y?
2, 13, 19
Suppose -3*m + 35 + 37 = 0. Let c(j) be the second derivative of j**3/2 - 25*j**2 - 4*j + 9. List the prime factors of c(m).
2, 11
Let x(j) be the third derivative of -j**5/15 - 65*j**4/24 - 19*j**3/3 - 142*j**2. What are the prime factors of x(-10)?
2, 53
Suppose -3*o = -7*o - 5*i + 8, 2*o = 2*i + 4. Suppose -2*w - 3*z = -0*w - 127, o*z = 3*w - 223. List the prime factors of w.
71
Suppose -o = 4*c + 100, c + 2*o - 4*o + 16 = 0. Let w be 1/(-4) + (-54)/c. Suppose -2*u = 5*r - u - 119, -4*r + 84 = -w*u. What are the prime factors of r?
23
Suppose 178*s + 170*s - 342*s = 19080. What are the prime factors of s?
2, 3, 5, 53
Let b(w) = -w**3 - 4*w**2 + 6*w - 1. Let y be b(4). Let j be (4*y/(-14))/(1/1). List the prime factors of 442/8 + (-4 - j/(-8)).
5, 11
Let g(n) = -191*n + 3489. List the prime factors of g(18).
3, 17
Let q(b) = -8*b + 5. Let x(s) = 1. Let h(m) = 25*m - 19. Let o(v) = h(v) + 5*x(v). Let f(t) = -4*o(t) - 11*q(t). List the prime factors of f(-5).
61
Let w(d) = 5*d + 53. Let j be w(-10). Suppose 149 = 4*g - j*g. List the prime factors of g.
149
Let m(b) = -20*b + 106. Let a be m(5). Suppose -a*i - 2058 = -12*i. List the prime factors of i.
7
Let o be 80/36 + (-4)/18. Let v = -252 - -530. Suppose -v = -o*x - 3*l, 4*l + l - 695 = -5*x. List the prime factors of x.
139
Suppose 0 = -3*d + 5*t - 0*t - 283, 4*d = 5*t - 374. Let q = d - -101. Suppose -2*f + 38 = -q. What are the prime factors of f?
2, 3
Suppose 152*x - 23285 = 150*x - 3*g, -2*x = g - 23275. What are the prime factors of x?
5, 13, 179
Let j be (-1)/2 + 10/((-40)/(-26)). Suppose -633 = -5*o - 2*k + j*k, -k = 2. List the prime factors of o.
5
Let f = -38 + 27. Let g = f + 8. What are the prime factors of (-115)/(-2) - g/2?
59
List the prime factors of (3 + 21/(-9))/(78/488358).
2, 2087
Let d = 237 - 199. Let u = 267 - d. What are the prime factors of u?
229
Let i = -30803 - -53102. List the prime factors of i.
3, 7433
Let q be 109 - 0 - 0 - (-10 + 9). Suppose 0 = 5*z + 5*s + 8 - 133, -q = -3*z + 4*s. What are the prime factors of z?
2, 3, 5
Suppose 1591 = 4*x + 3*w, -5*x + 1798 + 147 = -5*w. Suppose 2*p = 3*q + 399, 2*p + 2*q = -0*p + x. What are the prime factors of p?
2, 3, 11
Let g(d) = -2*d**2 - 3*d + 5. Let s be g(0). What are the prime factors of (-16936)/(-40) + (13/s - 3)?
3, 47
Suppose -39299 - 937 = -28*j. Let v = j + -971. List the prime factors of v.
2, 233
Let s(z) = 2190*z**2 + 1162*z + 3. List the prime factors of s(-3).
3, 601
Let u = -73 + 75. What are the prime factors of (0 - 2)/((-5)/1200*u)?
2, 3, 5
Let b = -337 - -53. Let m = b + 430. What are the prime factors of m?
2, 73
Let z(s) = 924*s + 205. List the prime factors of z(4).
47, 83
What are the prime factors of 1 + 1888 - (18 + -26)?
7, 271
Suppose 2*p - 48 = -4. Let a = p - 12. Suppose 3*d - k = 77, -a*k + 5*k - 88 = -4*d. What are the prime factors of d?
3
Let z = 3950 - -10417. List the prime factors of z.
3, 4789
Suppose -3*m - 13 = -x, 4*x + x + m = 1. Let v be (-2)/(-8)*(x - -147). Suppose -v = -2*q + 5*r - 4*r, 2*r = -q + 21. What are the prime factors of q?
19
Let r be (-20)/2*(9 + (-170)/20). What are the prime factors of (r + 5 + 243)*1?
3
Let x(n) = 6*n - 15. Suppose -3*c = -6*c + 18. Let i be x(c). List the prime factors of (-508)/(-7) + 9/i.
73
Let t(j) = 15*j - 7. Let v be t(2). Let b(o) = 2*o**2 - 31*o - 12. List the prime factors of b(v).
3, 37
Let y(s) = s**3 - 8*s**2 + 19 + 0*s**3 - 25 - s + 19. Let g be y(8). Suppose -4*w + 253 = -3*u, -g*u = -w - 0*w + 59. List the prime factors of w.
2
Let w(k) = 26*k - 26. Let c = -174 - -189. List the prime factors of w(c).
2, 7, 13
Let m(b) be the first derivative of 19*b**4/6 - 5*b**3/6 + 7*b**2/2 - 6*b + 4. Let t(z) be the first derivative of m(z). List the prime factors of t(2).
149
Let d be 4*102/36*6/2. Let s = 310 + d. List the prime factors of s.
2, 43
Let m be (-1 + 6)*(-2 + 1 + 2). Suppose -m*w + 33 - 13 = 0. Suppose -4*q + w*j = -224, -4*j + 229 = 4*q - 3*j. List the prime factors of q.
3, 19
Let i(c) = -5*c - 2. Let t be i(-3). Suppose 7 = -2*d - t. Let z(u) = u**3 + 10*u**2 - 4*u + 14. What are the prime factors of z(d)?
2, 3
Suppose -7*l + 4*l - 17 = -2*t, 3 = 3*t + 3*l. Let y(c) = 6*c**3 + 2*c**2 + 5*c - 4. List the prime factors of y(t).
2, 3
Let t be 36/1 + 26/13. Let p be (-21)/49 - t/(-7). Suppose 6 = c + 3, 5*n = -p*c + 365. List the prime factors of n.
2, 5, 7
Let b(h) = 5*h - 77. Let s be b(16). Suppose -586 = -y + s*r, 5*y + 623 = r + 3581. List the prime factors of y.
2, 37
Let q be 6 + (3 - 293) + 2. Let f = q + 439. What are the prime factors of f?
157
Let g(z) = -42*z - 31. Let p be g(-5). Suppose -i - 3*q + p + 182 = 0, 1384 = 4*i - 3*q. List the prime factors of i.
349
Suppose 0 = 3*m - 2*y - 28472, -3*y - 18983 = 5*m - 7*m. List the prime factors of m.
2, 5, 13, 73
Suppose 12*d = 32 + 16. Let y(a) = 9*a**3 - 8*a**2 + 2*a. List the prime factors of y(d).
2, 3, 19
Suppose -2*j + 99*f - 120 = 95*f, 0 = -4*j + f - 226. Let u be (-980)/(-12) + 4/(-6). Let w = u + j. List the prime factors of w.
5
Suppose -18564 - 5148 = 8*i - 21*i. List the prime factors of i.
2, 3, 19
Let g(o) = 16*o**2 - 19*o. List the prime factors of g(-8).
2, 3, 7
List the prime factors of 8563650/630 - ((-447)/(-63) - 7).
3, 23, 197
Let o = -630 + 174. Let h = 653 + o. List the prime factors of h.
197
Let j be (6/(-4))/((1/118)/1). Let x = j - -251. Suppose a - 40 = -2*o, x = -3*o + 7*o + 5*a. List the prime factors of o.
3, 7
Let d(s) = -4*s - 24. Suppose 4*q = q - 39. Let o be d(q). Let i = o - 7. What are the prime factors of i?
3, 7
Suppose 19*b + 44481 = 3*s + 21*b, 3*s - 44475 = -4*b. List the prime factors of s.
3, 4943
Suppose 3*z - 5*o = 44724, 44676 = 127*z - 124*z + 3*o. List the prime factors of z.
2, 3,